{"id":35,"date":"2016-05-15T17:17:46","date_gmt":"2016-05-15T15:17:46","guid":{"rendered":"http:\/\/prueba.noticias20.com\/wp\/?page_id=35"},"modified":"2025-01-29T12:35:16","modified_gmt":"2025-01-29T11:35:16","slug":"cursos-de-espanol","status":"publish","type":"page","link":"https:\/\/konigin.es\/?page_id=35&lang=es","title":{"rendered":"Cursos de espa\u00f1ol"},"content":{"rendered":"<p><a href=\"https:\/\/konigin.es\/wp\/wp-content\/uploads\/2016\/05\/espanol.jpg\"><img loading=\"lazy\" decoding=\"async\" class=\"alignnone wp-image-25 size-full\" src=\"https:\/\/konigin.es\/wp\/wp-content\/uploads\/2016\/05\/espanol.jpg\" alt=\"espanol\" width=\"920\" height=\"363\" srcset=\"https:\/\/konigin.es\/wp\/wp-content\/uploads\/2016\/05\/espanol.jpg 920w, https:\/\/konigin.es\/wp\/wp-content\/uploads\/2016\/05\/espanol-300x118.jpg 300w, https:\/\/konigin.es\/wp\/wp-content\/uploads\/2016\/05\/espanol-768x303.jpg 768w\" sizes=\"auto, (max-width: 920px) 100vw, 920px\" \/><\/a><\/p>\n<p style=\"text-align: justify;\">\u00a1Aprende espa\u00f1ol a tu ritmo con profesores nativos y con experiencia! \u00bfQuieres estar hablando ingl\u00e9s enseguida? \u00bfO quiz\u00e1s prefieres tomarte tu tiempo y consolidar lo que vas aprendiendo? No hay problema. Puedes elegir uno de nuestros cursos intensivos, semi-intensivos o est\u00e1ndar, o incluso clases privadas individuales.<\/p>\n<h3>Cursos intensivos y semi-intensivos<\/h3>\n<p style=\"text-align: justify;\">Los cursos intensivos y semi-intensivos de espa\u00f1ol se ofrecen en tres niveles: elemental, intermedio y avanzado, y cubren todos los aspectos del idioma espa\u00f1ol. El programa did\u00e1ctico ha sido dise\u00f1ado cuidadosamente para facilitar un curso intensivo y progresivo, con equilibrio entre las diversas competencias y reforzando continuamente los nuevos puntos introducidos cada d\u00eda.<\/p>\n<h3 style=\"text-align: justify;\">Cursos est\u00e1ndar<\/h3>\n<p style=\"text-align: justify;\">La metodolog\u00eda did\u00e1citca est\u00e1 principalmente dirigida a la comunicaci\u00f3n. Se anima a los alumnos a halbar espa\u00f1ol desde el d\u00eda 1.<\/p>\n<h3 style=\"text-align: justify;\">Clases privadas individuales<\/h3>\n<p style=\"text-align: justify;\">Si tus necesidades son diferentes, ponemos a tu disposici\u00f3n clases privadas \u00abuno a uno\u00bb completamente personalizables. Un profesor nativo de espa\u00f1ol estar\u00e1 a tu completa disposici\u00f3n en el horario que t\u00fa quieras. Podr\u00e1s obtener un descuento si vienes con 1 \u00f3 2 amigos.<\/p>\n<p style=\"text-align: justify;\"><style> \/* simple flat #82 *\/#ptp-82{border-color:#ddd;padding:0;margin-left:0;margin-right:0}#ptp-82 div.ptp-item-container{border-radius:10px}#ptp-82 div.ptp-item-container div{margin:0}#ptp-82 .ptp-highlight div.ptp-item-container{border-color:#ddd}#ptp-82 div.ptp-plan{border-top-right-radius:10px;border-top-left-radius:10px;font-size:1em;border-color:#ddd;background-color:#ddd;color:#333;padding:.9375em 1.25em}#ptp-82 div.ptp-plan .has-tip{border-bottom:dotted 1px #333;color:#333}#ptp-82 .ptp-highlight div.ptp-plan{border-color:#ddd;background-color:#ddd;color:#333}#ptp-82 .ptp-highlight div.ptp-plan .has-tip{border-bottom:dotted 1px #333;color:#333}#ptp-82 div.ptp-price{font-size:1.25em;background-color:#eee;color:#333;padding:.9375em 1.25em}#ptp-82 div.ptp-price .has-tip{border-bottom:dotted 1px #333;color:#333}#ptp-82 .ptp-highlight div.ptp-price{background-color:#eee;color:#333}#ptp-82 .ptp-highlight div.ptp-price .has-tip{border-bottom:dotted 1px #333;color:#333}#ptp-82 div.ptp-cta{border-bottom-right-radius:10px;border-bottom-left-radius:10px;background-color:#eee;padding-top:1.25em;padding-bottom:1.25em}#ptp-82 .ptp-highlight div.ptp-cta{background-color:#eee}#ptp-82 a.ptp-button{border-radius:10px;font-size:1em;color:#fff;background-color:#d79632;border-bottom:#d79632 4px solid;margin:0}#ptp-82 a.ptp-button .has-tip,#ptp-82 a.ptp-button:hover .has-tip{border-bottom:dotted 1px #fff;color:#fff}#ptp-82 a.ptp-button:hover{background-color:#ffc03a}#ptp-82 div.ptp-bullet-item{color:#333;background-color:#fff;font-size:.875em;border-color:#ddd;padding:.9375em .5em .9375em .5em}#ptp-82 .ptp-highlight .ptp-bullet-item{color:#333;border-color:#ddd;background-color:#fff}#ptp-82 .ptp-highlight a.ptp-button{color:#fff;background-color:#e74c3c;border-bottom:#c0392b 4px solid}#ptp-82 .ptp-highlight a.ptp-button:hover{background-color:#c0392b}#ptp-82 .ptp-highlight a.ptp-button .has-tip{border-bottom:dotted 1px #fff;color:#fff}#ptp-82 div.ptp-most-popular{border-radius:10px;font-size:.9em;background-color:#7f8c8d;color:#fff;border:1px solid #7f8c8d}\/* end of simple flat #82 *\/<\/style>        <script type=\"text\/javascript\">\n         jQuery(document).ready(function($) {\n            jQuery.call_match_height_82 = function call_match_height_design1(ptp_id) {\n                                $( ptp_id+' .ptp-plan' ).matchHeight(false); \n                                $( ptp_id+' .ptp-cta' ).matchHeight(false); \n                                $( ptp_id+' .ptp-price' ).matchHeight(false);\n                                $( ptp_id+' .ptp-button' ).matchHeight(false);\n\n                                $( ptp_id+' .ptp-bullet-item' ).each(function( index ){\n                                    $( ptp_id+' .ptp-row-id-'+index ).matchHeight(false);\n             \n                                });  \n                         }\n            var ptp_id = '#ptp-'+82 ;\n            $.call_match_height_82 ( ptp_id );              \n         });\n      <\/script>\n      \n        <div id=\"ptp-82\" class=\"ptp-pricing-table\" ><div class=\"ptp-col ptp-four-col  ptp-col-id-0 dh-ptp-col-id-0\"><div class=\"ptp-not-most-popular\">&nbsp;<\/div><div class=\"ptp-item-container\"><div class=\"ptp-plan\">Curso est\u00e1ndar<\/div><div class=\"ptp-price\">1,5 horas\/d\u00eda<\/div><div class=\"ptp-bullet-item ptp-row-id-0\">12 horas al mes\r<\/div><div class=\"ptp-bullet-item ptp-row-id-1\">Frecuencia: 2 d\u00edas a la semana\r<\/div><div class=\"ptp-bullet-item ptp-row-id-2\">Profesor nativo<\/div><div class=\"ptp-cta\"><a class=\"ptp-button ptp-checkout-button\" id=\"ptp-82-cta-0\"  href=\"http:\/\/konigin.es\/?page_id=79&#038;lang=es\" >+ Info<\/a><\/div><\/div><\/div><div class=\"ptp-col ptp-four-col  ptp-col-id-1 dh-ptp-col-id-1\"><div class=\"ptp-not-most-popular\">&nbsp;<\/div><div class=\"ptp-item-container\"><div class=\"ptp-plan\">Curso semi-intensivo<\/div><div class=\"ptp-price\">2.5 horas\/d\u00eda<\/div><div class=\"ptp-bullet-item ptp-row-id-0\">30 horas al mes\r<\/div><div class=\"ptp-bullet-item ptp-row-id-1\">Frecuencia: 3 d\u00edas a la semana\r<\/div><div class=\"ptp-bullet-item ptp-row-id-2\">Profesor nativo<\/div><div class=\"ptp-cta\"><a class=\"ptp-button ptp-checkout-button\" id=\"ptp-82-cta-1\"  href=\"http:\/\/konigin.es\/?page_id=79&#038;lang=es\" >+ Info<\/a><\/div><\/div><\/div><div class=\"ptp-col ptp-four-col  ptp-col-id-2 dh-ptp-col-id-2\"><div class=\"ptp-not-most-popular\">&nbsp;<\/div><div class=\"ptp-item-container\"><div class=\"ptp-plan\">Curso intensivo<\/div><div class=\"ptp-price\">4 horas\/d\u00eda<\/div><div class=\"ptp-bullet-item ptp-row-id-0\">80 horas al mes\r<\/div><div class=\"ptp-bullet-item ptp-row-id-1\">Frecuencia: 5 d\u00edas a la semana\r<\/div><div class=\"ptp-bullet-item ptp-row-id-2\">Profesor nativo<\/div><div class=\"ptp-cta\"><a class=\"ptp-button ptp-checkout-button\" id=\"ptp-82-cta-2\"  href=\"http:\/\/konigin.es\/?page_id=79&#038;lang=es\" >+ Info<\/a><\/div><\/div><\/div><div class=\"ptp-col ptp-four-col  ptp-col-id-3 dh-ptp-col-id-3\"><div class=\"ptp-not-most-popular\">&nbsp;<\/div><div class=\"ptp-item-container\"><div class=\"ptp-plan\">Clases privadas<\/div><div class=\"ptp-price\">Personalizadas<\/div><div class=\"ptp-bullet-item ptp-row-id-0\">Libre elecci\u00f3n de fechas y horarios\r<\/div><div class=\"ptp-bullet-item ptp-row-id-1\">Frecuencia: personalizada\r<\/div><div class=\"ptp-bullet-item ptp-row-id-2\">Profesor nativo<\/div><div class=\"ptp-cta\"><a class=\"ptp-button ptp-checkout-button\" id=\"ptp-82-cta-3\"  href=\"http:\/\/konigin.es\/?page_id=79&#038;lang=es\" >+ Info<\/a><\/div><\/div><\/div><\/div><\/p>\n<div style=\"display: none;\"><\/div>\n","protected":false},"excerpt":{"rendered":"<p>\u00a1Aprende espa\u00f1ol a tu ritmo con profesores nativos y con experiencia! \u00bfQuieres estar hablando ingl\u00e9s enseguida? \u00bfO quiz\u00e1s prefieres tomarte [&hellip;]<\/p>\n","protected":false},"author":1,"featured_media":25,"parent":0,"menu_order":0,"comment_status":"closed","ping_status":"closed","template":"","meta":{"site-sidebar-layout":"default","site-content-layout":"","ast-site-content-layout":"","site-content-style":"default","site-sidebar-style":"default","ast-global-header-display":"","ast-banner-title-visibility":"","ast-main-header-display":"","ast-hfb-above-header-display":"","ast-hfb-below-header-display":"","ast-hfb-mobile-header-display":"","site-post-title":"","ast-breadcrumbs-content":"","ast-featured-img":"disabled","footer-sml-layout":"","theme-transparent-header-meta":"","adv-header-id-meta":"","stick-header-meta":"","header-above-stick-meta":"","header-main-stick-meta":"","header-below-stick-meta":"","astra-migrate-meta-layouts":"default","ast-page-background-enabled":"default","ast-page-background-meta":{"desktop":{"background-color":"var(--ast-global-color-4)","background-image":"","background-repeat":"repeat","background-position":"center center","background-size":"auto","background-attachment":"scroll","background-type":"","background-media":"","overlay-type":"","overlay-color":"","overlay-opacity":"","overlay-gradient":""},"tablet":{"background-color":"","background-image":"","background-repeat":"repeat","background-position":"center center","background-size":"auto","background-attachment":"scroll","background-type":"","background-media":"","overlay-type":"","overlay-color":"","overlay-opacity":"","overlay-gradient":""},"mobile":{"background-color":"","background-image":"","background-repeat":"repeat","background-position":"center center","background-size":"auto","background-attachment":"scroll","background-type":"","background-media":"","overlay-type":"","overlay-color":"","overlay-opacity":"","overlay-gradient":""}},"ast-content-background-meta":{"desktop":{"background-color":"var(--ast-global-color-5)","background-image":"","background-repeat":"repeat","background-position":"center center","background-size":"auto","background-attachment":"scroll","background-type":"","background-media":"","overlay-type":"","overlay-color":"","overlay-opacity":"","overlay-gradient":""},"tablet":{"background-color":"var(--ast-global-color-5)","background-image":"","background-repeat":"repeat","background-position":"center center","background-size":"auto","background-attachment":"scroll","background-type":"","background-media":"","overlay-type":"","overlay-color":"","overlay-opacity":"","overlay-gradient":""},"mobile":{"background-color":"var(--ast-global-color-5)","background-image":"","background-repeat":"repeat","background-position":"center center","background-size":"auto","background-attachment":"scroll","background-type":"","background-media":"","overlay-type":"","overlay-color":"","overlay-opacity":"","overlay-gradient":""}},"footnotes":""},"class_list":["post-35","page","type-page","status-publish","has-post-thumbnail","hentry"],"_links":{"self":[{"href":"https:\/\/konigin.es\/index.php?rest_route=\/wp\/v2\/pages\/35","targetHints":{"allow":["GET"]}}],"collection":[{"href":"https:\/\/konigin.es\/index.php?rest_route=\/wp\/v2\/pages"}],"about":[{"href":"https:\/\/konigin.es\/index.php?rest_route=\/wp\/v2\/types\/page"}],"author":[{"embeddable":true,"href":"https:\/\/konigin.es\/index.php?rest_route=\/wp\/v2\/users\/1"}],"replies":[{"embeddable":true,"href":"https:\/\/konigin.es\/index.php?rest_route=%2Fwp%2Fv2%2Fcomments&post=35"}],"version-history":[{"count":5,"href":"https:\/\/konigin.es\/index.php?rest_route=\/wp\/v2\/pages\/35\/revisions"}],"predecessor-version":[{"id":3023,"href":"https:\/\/konigin.es\/index.php?rest_route=\/wp\/v2\/pages\/35\/revisions\/3023"}],"wp:featuredmedia":[{"embeddable":true,"href":"https:\/\/konigin.es\/index.php?rest_route=\/wp\/v2\/media\/25"}],"wp:attachment":[{"href":"https:\/\/konigin.es\/index.php?rest_route=%2Fwp%2Fv2%2Fmedia&parent=35"}],"curies":[{"name":"wp","href":"https:\/\/api.w.org\/{rel}","templated":true}]}}